*p - 426 = -5*z. Suppose 16 = -d + 38. Calculate the remainder when z is divided by d.
20
Let u(l) = -7*l + 7. Let b(g) = -15*g + 14. Let n(q) = -2*b(q) + 5*u(q). Calculate the remainder when n(-5) is divided by 11.
10
Suppose 0 = 3*z - 1 - 11. Suppose 0*t - 2*t = -10. Let j = t - 3. What is the remainder when z is divided by j?
0
Let d be -5*-32*4/20. Suppose 5*v - d + 10 = -3*k, -4 = v. Calculate the remainder when k is divided by 3.
2
Let w(c) be the first derivative of -1 - 3*c - 1/2*c**2. What is the remainder when w(-5) is divided by 2?
0
Let n = 240 - 129. Calculate the remainder when n is divided by 28.
27
Let j(q) = q - 3. Let u be 27/(-18)*(-16)/(-6). What is the remainder when 12/(-9)*6/u is divided by j(4)?
0
Suppose 5*w = -q + 219, -3 = 2*q + q. Calculate the remainder when w is divided by 23.
21
Let l(j) = 6*j**2 + 4*j - 3. Let d = 14 - -1. What is the remainder when l(2) is divided by d?
14
Let r(n) = -10*n + 1. Suppose 3*l + 10 = l - 2*w, -4*w = -2*l + 14. What is the remainder when 21 is divided by r(l)?
10
Let h(t) = -4*t - 27. Calculate the remainder when 8 is divided by h(-8).
3
Let o(t) = t**2 + 4*t + 8. Let v be -8 - -3*4/6. Let d = v + 0. Calculate the remainder when o(d) is divided by 7.
6
Suppose 6 = -y + 3*y. Suppose -3*r - z = 2*z - 39, 0 = -y*r - z + 39. Let c(w) = 4*w**2 + 4*w. What is the remainder when c(-3) is divided by r?
11
Let n(y) = y**3 + 3*y**2 + y + 2. Let m be n(-3). Let t be 0 - ((m - 0) + 0). What is the remainder when 41 is divided by 0 + 1 - (t - 14)?
13
Let l = 15 + 7. Let z = l + -12. What is the remainder when 39 is divided by z?
9
Let g(j) = 2*j**2 - 2*j. Let q(i) = -4*i**2 + 1. Let b be q(-1). Suppose -14 = 4*l - 66. Calculate the remainder when g(b) is divided by l.
11
Let y(n) = -n**3 + 4*n**2 - 3*n - 1. Let i be y(3). What is the remainder when 28 is divided by i*(-6)/(-4)*-10?
13
Let h = -90 - -135. Calculate the remainder when h is divided by 23.
22
Suppose 2*i - 4*n = -n + 24, 3*i - 2*n = 31. Suppose 4*m + 13 = -151. Let q = 57 + m. What is the remainder when q is divided by i?
7
Let t(d) = -d**3 - 6*d**2 - 6*d - 3. Let b be t(-5). Suppose -b*p = -2*x + 3*p + 46, -2*x + 4*p = -42. Calculate the remainder when 25 is divided by x.
12
Suppose 12*z - 6*z - 564 = 0. Calculate the remainder when z is divided by 16.
14
Let q = -163 + 223. What is the remainder when q is divided by 9?
6
Let x be (-8)/(-3) - 6/(-18). Suppose -53 = -4*f - x*s, -f = -3*s - 11 - 6. Calculate the remainder when f is divided by 4.
2
Suppose -10*q + 100 = -8*q. Suppose -5*i + 5*l + q = 0, -l - 54 = -i - 4*i. Calculate the remainder when 32 is divided by i.
10
Let x = 98 - 77. What is the remainder when 167 is divided by x?
20
Suppose 0 = 4*n - 3*m - 0*m - 64, m = 2*n - 32. Calculate the remainder when -2 + 4/((-16)/(-196)) is divided by n.
15
Suppose 2*d = -2*d + 8, 74 = 2*u - 5*d. Let y = 531 + -509. What is the remainder when u is divided by y?
20
Suppose 28 = 4*r - 2*i, -i - 1 = -4*r + 31. Let j = r + 37. Calculate the remainder when j is divided by 64/6*(-12)/(-8).
14
Let x(p) be the second derivative of 0 - 3/2*p**2 + 1/2*p**3 - 2*p - 1/6*p**4 + 1/20*p**5. Calculate the remainder when 43 is divided by x(3).
13
Suppose 68 = 4*c + 5*r, -3*c - r = -0*r - 62. Calculate the remainder when (12/15)/(3/240) is divided by c.
20
Let n = 18 - 8. Let f(c) = c**3 + 7*c**2 - c - 4. Let g be f(-7). Suppose 6*m + g = 7*m. Calculate the remainder when n is divided by m.
1
Suppose -5*o = 3*u - 201, u + 2*u = 3*o - 111. What is the remainder when o is divided by 21?
18
Let v = 56 + -39. Suppose 3*l + 8 - 38 = 0. What is the remainder when v is divided by l?
7
Let f = -4 - -13. Suppose 6*o - f*o + 84 = 0. Calculate the remainder when o is divided by 15.
13
Suppose -4*f + 7 - 20 = -3*l, 5*l = -5*f - 60. Suppose k = 5*s + 2 + 2, 4*k = -s + 58. What is the remainder when 2/f - (-289)/7 is divided by k?
13
Let y be (266/(-57))/(4/(-6)). Let m = -1 + 1. Suppose -4*j + 5*q + y = m, 4*j - q + 13 = 5*j. What is the remainder when 15 is divided by j?
7
Let y = -8 - -14. Calculate the remainder when ((-48)/9)/(2/(-6)) is divided by y.
4
Let b = -22 - -15. Let a(h) = h**3 + 8*h**2 + 6*h + 10. Let w = -28 + 60. Calculate the remainder when w is divided by a(b).
15
Let x(i) = -i. Let n be x(-4). Let o(s) = 2*s**2 - 3*s + 1. What is the remainder when o(4) is divided by ((-6)/(-9))/(n/66)?
10
What is the remainder when (33 - -5) + (-9)/3 is divided by 12?
11
Let v = 12 - 11. Let d be (-2 - (-4 + 2))/2. Suppose -z - 1 = d, 5*f - 2*z + 5 = 12. What is the remainder when v is divided by f?
0
Suppose 2*i = 3*l + 262, -5*l + 2*l - 387 = -3*i. What is the remainder when i is divided by 32?
29
Let b = 149 - 33. What is the remainder when b is divided by 30?
26
Let n = 3 + 3. Suppose -5*g - 4 = -n*g. What is the remainder when g is divided by 2*2/((-8)/(-6))?
1
Suppose 190*g + 84 = 193*g. Let x(h) = -3*h - 6. What is the remainder when g is divided by x(-4)?
4
Suppose -2*f + 2*d + 4 = 0, 2*d = 2*f - 4*f + 16. Let p(s) = -2*s**2 - s - 1. Let r be p(-1). Calculate the remainder when (r/(-8) + -1)*-12 is divided by f.
4
Let n(v) = v**3 - 6*v**2 - 5*v - 10. Let f be n(7). Suppose 3*x - 15 = -0*l + f*l, 3*x - 18 = 5*l. What is the remainder when 4 is divided by x?
0
Let q(l) = -l**2 + 7*l - 5. Let i be q(2). Suppose i*x + 7 - 97 = 0. What is the remainder when 71 is divided by x?
17
Suppose -7 = 4*x - 27. Let r = x + 9. What is the remainder when 53 is divided by r?
11
Let d = 84 + -11. What is the remainder when d is divided by 19?
16
Let j(u) = -8*u + 7. What is the remainder when 123 is divided by j(-3)?
30
Let y = -11 - -46. Calculate the remainder when y is divided by 18.
17
Let x(i) = -3*i - 6 + i + 0*i. What is the remainder when 16 is divided by x(-6)?
4
Suppose -5*h = -3*i - 40, 2*h - 40 = 5*i - h. What is the remainder when 5 is divided by (-5)/2*6/i?
2
Let p = -169 + 251. What is the remainder when p is divided by 29?
24
Let p = 82 - 58. Calculate the remainder when 69 is divided by p.
21
Suppose -5*o + 27 = -23. Let n = 17 - o. What is the remainder when n is divided by 2?
1
Let y(b) = b**2 - 3*b - 16. Calculate the remainder when y(10) is divided by 14.
12
Suppose -2*n + 8 = 2*u, -5*n + 10 = 2*u - 4. Let y(h) = -h + 2*h**2 + 7*h**3 - u*h**3 + h**3. What is the remainder when y(1) is divided by 3?
1
Suppose 18 - 4 = z. Suppose 0 = 4*r - n - 42, 3*r - 4*n = -2*r + 58. Let p = z - r. Calculate the remainder when p is divided by 3.
1
Let d(o) = -o**2 + 12*o - 4. Calculate the remainder when 11 is divided by d(11).
4
Suppose 51 = 4*h + 3. What is the remainder when 34 is divided by h?
10
Suppose 3*u + 0 = -5*v - 1, 12 = 4*u. Let g(b) = 9*b**2 + 2*b + 3. What is the remainder when g(v) is divided by 9?
8
Let v(b) = b**2 - 2*b - 3. Let y be v(6). Let j = 32 - y. Suppose k - 5 = -h, 3*h - 3*k = -2*h + 17. What is the remainder when j is divided by h?
3
Suppose -2*x + 22 + 6 = 0. What is the remainder when 54 is divided by x?
12
Let a(g) = 2*g**2 + 2*g + 1. Suppose 2*t = 13 + 15. What is the remainder when a(-5) is divided by t?
13
Suppose -4*s = -6*v + v - 2, -3*v + 4*s = 6. Suppose -7 = -v*j + 3. Suppose d - 2*r = -d + 2, 5*r - 11 = -3*d. Calculate the remainder when j is divided by d.
1
Let n = -7 + 16. Suppose -m = 4*m - 85. Calculate the remainder when m is divided by n.
8
Suppose 5*k + 0*k = 90. Let w(s) = -s - 14. Let a be w(0). What is the remainder when k is divided by (7/a)/(2/(-40))?
8
Calculate the remainder when 92/5 - 2/5 is divided by 5.
3
Let o(w) = -9*w - 1 - w**2 + 4*w + 0. Let m be o(-2). Let k = m - -1. Calculate the remainder when 10 is divided by k.
4
Let i(x) = x**2 + 2*x + 7. Suppose 2*q = 3*q. Suppose q = -v + 11. Calculate the remainder when i(-6) is divided by v.
9
Suppose 2*j - 1 = 29. Let q = j + -10. Suppose -3*a - 6 = -3*m - 0, 0 = 2*m - q*a + 11. What is the remainder when m is divided by 3?
1
Suppose -5*o + 144 = -3*x + 52, -5*o = -4*x - 96. Let v(j) = 2*j**2 + j. What is the remainder when o is divided by v(-2)?
4
Let k(d) = 7*d - 8. Let u(l) = 7 - 2*l**3 - 1 + 6*l**2 + l**3 - 6*l. Calculate the remainder when k(7) is divided by u(4).
13
Let o = -87 - -130. Calculate the remainder when o is divided by 11.
10
Calculate 